illions digit of 82418790?
2
What is the tens digit of 181336542?
4
What is the thousands digit of 2448733389?
3
What is the hundred thousands digit of 67156336?
1
What is the thousands digit of 390678542?
8
What is the units digit of 6967794789?
9
What is the millions digit of 69027613?
9
What is the hundred millions digit of 332271252?
3
What is the tens digit of 615477913?
1
What is the hundreds digit of 37630022?
0
What is the ten millions digit of 2367246226?
6
What is the ten thousands digit of 5740037233?
3
What is the tens digit of 740200964?
6
What is the thousands digit of 1245352786?
2
What is the hundreds digit of 256243555?
5
What is the ten millions digit of 4795263577?
9
What is the hundred thousands digit of 1788043014?
0
What is the millions digit of 3423931499?
3
What is the millions digit of 756615438?
6
What is the hundred thousands digit of 6058289?
0
What is the thousands digit of 20332005?
2
What is the hundred thousands digit of 68670581?
6
What is the hundreds digit of 480093671?
6
What is the hundreds digit of 230925762?
7
What is the thousands digit of 403361656?
1
What is the thousands digit of 1152970288?
0
What is the millions digit of 134558059?
4
What is the billions digit of 5818747125?
5
What is the hundreds digit of 78195257?
2
What is the thousands digit of 96601746?
1
What is the tens digit of 323371144?
4
What is the ten millions digit of 326033434?
2
What is the hundreds digit of 42722883?
8
What is the hundred thousands digit of 136958534?
9
What is the thousands digit of 2669310903?
0
What is the millions digit of 122580929?
2
What is the hundred thousands digit of 85607231?
6
What is the tens digit of 108145579?
7
What is the units digit of 235589241?
1
What is the tens digit of 6705165?
6
What is the thousands digit of 725250793?
0
What is the units digit of 100867921?
1
What is the thousands digit of 827687277?
7
What is the hundreds digit of 219390187?
1
What is the thousands digit of 1000416?
0
What is the hundreds digit of 488089608?
6
What is the units digit of 50581491?
1
What is the millions digit of 128946405?
8
What is the tens digit of 22186229?
2
What is the tens digit of 34872907?
0
What is the hundred thousands digit of 829068567?
0
What is the thousands digit of 3080324789?
4
What is the hundred thousands digit of 15653324?
6
What is the units digit of 3598174892?
2
What is the hundred thousands digit of 88873204?
8
What is the thousands digit of 2118940194?
0
What is the ten thousands digit of 27159548?
5
What is the hundred thousands digit of 872448164?
4
What is the thousands digit of 6414956487?
6
What is the ten millions digit of 130675660?
3
What is the hundreds digit of 82873088?
0
What is the hundred millions digit of 487073569?
4
What is the thousands digit of 4866945109?
5
What is the hundreds digit of 37443311?
3
What is the hundreds digit of 74670822?
8
What is the billions digit of 3250193821?
3
What is the millions digit of 6994039515?
4
What is the ten thousands digit of 105976307?
7
What is the tens digit of 238305975?
7
What is the ten millions digit of 92310091?
9
What is the ten thousands digit of 327606985?
0
What is the hundred thousands digit of 117800043?
8
What is the ten millions digit of 104544812?
0
What is the hundred thousands digit of 55174314?
1
What is the hundred thousands digit of 37251582?
2
What is the thousands digit of 111788893?
8
What is the ten thousands digit of 23767524?
6
What is the ten millions digit of 38191602?
3
What is the thousands digit of 87790684?
0
What is the ten millions digit of 2498283296?
9
What is the ten thousands digit of 5751530598?
3
What is the hundreds digit of 85142153?
1
What is the tens digit of 267559517?
1
What is the thousands digit of 915250594?
0
What is the millions digit of 259620851?
9
What is the hundred thousands digit of 35374126?
3
What is the millions digit of 59311037?
9
What is the units digit of 352321688?
8
What is the billions digit of 2093356967?
2
What is the ten millions digit of 47811216?
4
What is the tens digit of 55070578?
7
What is the hundred thousands digit of 132717685?
7
What is the millions digit of 46902626?
6
What is the hundreds digit of 35960112?
1
What is the ten thousands digit of 1102386785?
8
What is the millions digit of 52594157?
2
What is the ten thousands digit of 1414881408?
8
What is the units digit of 174049813?
3
What is the thousands digit of 282069123?
9
What is the millions digit of 200960437?
0
What is the thousands digit of 1390572185?
2
What is the ten thousands digit of 726545470?
4
What is the hundred millions digit of 1284545530?
2
What is the hundred millions digit of 604923510?
6
What is the hundred thousands digit of 406518084?
5
What is the ten millions digit of 4111664898?
1
What is the billions digit of 1198699272?
1
What is the units digit of 3708786822?
2
What is the hundreds digit of 695204908?
9
What is the hundreds digit of 876974974?
9
What is the ten millions digit of 75129746?
7
What is the tens digit of 246627879?
7
What is the ten millions digit of 377300756?
7
What is the thousands digit of 687813326?
3
What is the hundreds digit of 211777428?
4
What is the tens digit of 179113705?
0
What is the millions digit of 1311832934?
1
What is the units digit of 7548638?
8
What is the millions digit of 3777923?
3
What is the hundred millions digit of 3846179606?
8
What is the millions digit of 162817484?
2
What is the tens digit of 46315212?
1
What is the units digit of 33799783?
3
What is the hundreds digit of 386329556?
5
What is the units digit of 117447950?
0
What is the thousands digit of 99588502?
8
What is the ten millions digit of 4967543337?
6
What is the ten thousands digit of 9870246?
7
What is the ten millions digit of 36871170?
3
What is the tens digit of 2046658892?
9
What is the units digit of 4284683992?
2
What is the hundred thousands digit of 46347409?
3
What is the hundreds digit of 2660751574?
5
What is the thousands digit of 419078030?
8
What is the ten millions digit of 4491820292?
9
What is the millions digit of 66130458?
6
What is the hundred thousands digit of 448867082?
8
What is the hundreds digit of 23973275?
2
What is the ten millions digit of 581939729?
8
What is the tens digit of 222749834?
3
What is the units digit of 267744473?
3
What is the thousands digit of 10793550?
3
What is the thousands digit of 380677291?
7
What is the hundred thousands digit of 957480885?
4
What is the ten millions digit of 67790879?
6
What is the tens digit of 1340131220?
2
What is the ten millions digit of 222793176?
2
What is the ten thousands digit of 3783057213?
5
What is the tens digit of 41640172?
7
What is the units digit of 1074485233?
3
What is the tens digit of 607187039?
3
What is the hundred thousands digit of 224955139?
9
What is the units digit of 846514184?
4
What is the ten millions digit of 61726993?
6
What is the hundreds digit of 319737456?
4
What is the hundred millions digit of 172751115?
1
What is the hundred thousands digit of 217901890?
9
What is the hundred millions digit of 277106324?
2
What is the tens digit of 16873501?
0
What is the millions digit of 586435322?
6
What is the millions digit of 2474118819?
4
What is the hundreds digit of 20434939?
9
What is the hundred thousands digit of 321740615?
7
What is the hundred thousands digit of 6732111172?
1
What is the ten thousands digit of 135004200?
0
What is the hundred millions digit of 179967355?
1
What is the tens digit of 514428547?
4
What is the tens digit of 53587512?
1
What is the tens digit of 90702490?
9
What is the thousands digit of 3748566922?
6
What is the units digit of 273313972?
2
What is the millions digit of 6311936?
6
What is the hundred millions digit of 422835581?
4
What is the hundred millions digit of 105550221?
1
What is the hundreds digit of 148956875?
8
What is the ten thousands digit of 53815372?
1
What is the hundred thousands digit of 3847602840?
6
What is the units digit of 1098077221?
1
What is the units digit of 38850715?
5
What is the hundred millions digit of 1244362185?
2
What is the millions digit of 89859186?
9
What is the hundred thousands digit of 140062881?
0
What is the units digit of 154106162?
2
What is the millions digit of